5080 is divided by 2?
0
What is the remainder when 143306 is divided by 35489?
1350
What is the remainder when 70115 is divided by 294?
143
Calculate the remainder when 7395555 is divided by 1535.
1460
What is the remainder when 6754700 is divided by 2251564?
8
What is the remainder when 29377753 is divided by 117?
106
Calculate the remainder when 5460958 is divided by 44760.
238
What is the remainder when 2260767 is divided by 2512?
2479
Calculate the remainder when 126755 is divided by 25280.
355
What is the remainder when 1151616 is divided by 575708?
200
What is the remainder when 1539686 is divided by 20?
6
What is the remainder when 18110099 is divided by 204?
203
What is the remainder when 2359231 is divided by 531?
529
Calculate the remainder when 1639147 is divided by 126088.
3
What is the remainder when 9746876 is divided by 76?
28
What is the remainder when 143492 is divided by 1208?
948
Calculate the remainder when 2084875 is divided by 1042423.
29
What is the remainder when 286197 is divided by 133?
114
What is the remainder when 7177335 is divided by 2392442?
9
What is the remainder when 15843362 is divided by 8?
2
Calculate the remainder when 9586124 is divided by 578.
572
What is the remainder when 800625 is divided by 5?
0
Calculate the remainder when 3505843 is divided by 3505834.
9
What is the remainder when 355321 is divided by 3847?
1397
What is the remainder when 21880540 is divided by 14?
10
Calculate the remainder when 9575007 is divided by 1915001.
2
What is the remainder when 688841 is divided by 32801?
20
Calculate the remainder when 5957372 is divided by 26.
18
What is the remainder when 420226 is divided by 420226?
0
Calculate the remainder when 1027430 is divided by 1793.
41
Calculate the remainder when 17102 is divided by 925.
452
Calculate the remainder when 11041 is divided by 867.
637
Calculate the remainder when 236614 is divided by 18192.
118
Calculate the remainder when 768105 is divided by 109729.
2
Calculate the remainder when 120171 is divided by 169.
12
Calculate the remainder when 72384 is divided by 1440.
384
Calculate the remainder when 3448817 is divided by 600.
17
What is the remainder when 4112853 is divided by 324?
321
What is the remainder when 3184680 is divided by 653?
652
Calculate the remainder when 193575257 is divided by 33.
29
What is the remainder when 1220832 is divided by 1989?
1575
What is the remainder when 208694 is divided by 7048?
4302
What is the remainder when 93843752 is divided by 405?
392
Calculate the remainder when 9518 is divided by 734.
710
Calculate the remainder when 9467142 is divided by 2366776.
38
Calculate the remainder when 40427 is divided by 1922.
65
What is the remainder when 216560 is divided by 5549?
149
What is the remainder when 18804619 is divided by 9402283?
53
Calculate the remainder when 829936 is divided by 39.
16
Calculate the remainder when 2294 is divided by 586.
536
What is the remainder when 81769080 is divided by 164857?
8
Calculate the remainder when 2745543 is divided by 915170.
33
Calculate the remainder when 135250 is divided by 234.
232
Calculate the remainder when 3228578 is divided by 1052.
1042
Calculate the remainder when 254087 is divided by 275.
262
Calculate the remainder when 9230757 is divided by 1110.
1107
Calculate the remainder when 25486 is divided by 2138.
1968
What is the remainder when 12111 is divided by 333?
123
What is the remainder when 2730372 is divided by 21?
15
Calculate the remainder when 3227837 is divided by 1075801.
434
Calculate the remainder when 424529 is divided by 2295.
2249
What is the remainder when 8201 is divided by 611?
258
What is the remainder when 3323850 is divided by 109?
4
Calculate the remainder when 15186657 is divided by 38.
33
Calculate the remainder when 984564 is divided by 19691.
14
What is the remainder when 249359 is divided by 3893?
207
Calculate the remainder when 461387992 is divided by 1483.
1481
Calculate the remainder when 910632 is divided by 113660.
1352
What is the remainder when 17459819 is divided by 252?
251
What is the remainder when 358674 is divided by 11208?
18
What is the remainder when 4005210 is divided by 214?
200
What is the remainder when 921838 is divided by 10719?
4
Calculate the remainder when 5589400 is divided by 2118.
2116
What is the remainder when 9246922 is divided by 135984?
10
Calculate the remainder when 309230 is divided by 3669.
1034
Calculate the remainder when 26242386 is divided by 1874456.
2
What is the remainder when 81355 is divided by 13554?
31
What is the remainder when 57291205 is divided by 1304?
1269
Calculate the remainder when 116834 is divided by 38903.
125
Calculate the remainder when 5297705 is divided by 1103.
1099
Calculate the remainder when 462643 is divided by 661.
604
What is the remainder when 407465602 is divided by 141?
136
What is the remainder when 3598577 is divided by 211681?
0
Calculate the remainder when 23989506 is divided by 557895.
21
What is the remainder when 85082 is divided by 91?
88
Calculate the remainder when 697279307 is divided by 44.
43
Calculate the remainder when 944779934 is divided by 32.
30
Calculate the remainder when 786106 is divided by 81.
1
What is the remainder when 4716984 is divided by 1954?
28
Calculate the remainder when 468591 is divided by 468263.
328
Calculate the remainder when 11885595 is divided by 2656.
2651
What is the remainder when 6684045 is divided by 835442?
509
Calculate the remainder when 3236533 is divided by 471.
292
Calculate the remainder when 181816693 is divided by 67.
66
What is the remainder when 2198712 is divided by 21987?
12
What is the remainder when 179621 is divided by 15210?
12311
What is the remainder when 3711121 is divided by 4764?
4729
Calculate the remainder when 1161734 is divided by 207.
50
Calculate the remainder when 11334561 is divided by 57.
54
What is the remainder when 1349438 is divided by 96346?
594
Calculate the remainder when 4006673 is divided by 49465.
8
What is the remainder when 49921 is divided by 949?
573
Calculate the remainder when 1574259 is divided by 350.
309
What is the remainder when 1277655 is divided by 319380?
135
Calculate the remainder when 2720004 is divided by 1081.
208
What is the remainder when 374229 is divided by 3052?
1885
What is the remainder when 116241006 is divided by 157295?
1
Calculate the remainder when 580952 is divided by 41.
23
Calculate the remainder when 132130914 is divided by 44043637.
3
What is the remainder when 293064006 is divided by 237?
234
Calculate the remainder when 19081252 is divided by 759.
751
What is the remainder when 20234299 is divided by 2094?
2071
What is the remainder when 17948760 is divided by 696?
312
What is the remainder when 220587 is divided by 6148?
5407
Calculate the remainder when 218537588 is divided by 2184.
2180
What is the remainder when 1786984507 is divided by 13?
9
Calculate the remainder when 16573333 is divided by 472.
469
Calculate the remainder when 388579 is divided by 5110.
219
What is the remainder when 35724146 is divided by 132?
62
Calculate the remainder when 1565864 is divided by 294.
20
Calculate the remainder when 80449 is divided by 3215.
74
What is the remainder when 76946 is divided by 711?
158
What is the remainder when 90417140 is divided by 68?
56
Calculate the remainder when 219669 is divided by 109680.
309
What is the remainder when 392048 is divided by 522?
26
Calculate the remainder when 119960 is divided by 1589.
785
Calculate the remainder when 54239154 is divided by 15.
9
What is the remainder when 52701199 is divided by 1463922?
7
What is the remainder when 3330841 is divided by 3330757?
84
Calculate the remainder when 44653346 is divided by 14884444.
14
Calculate the remainder when 15696122 is divided by 63.
50
What is the remainder when 929733 is divided by 18230?
3
Calculate the remainder when 47662448 is divided by 2383121.
28
Calculate the remainder when 26251713 is divided by 1177.
1082
What is the remainder when 3464567 is divided by 4272?
4247
Calculate the remainder when 157953345 is divided by 78976663.
19
Calculate the remainder when 38569150 is divided by 4338.
4330
What is the remainder when 6480594 is divided by 1484?
1450
Calcula